ate o(6).
-7
Let j(k) = -2*k**2 + k**2 + 2 + 230*k - 454*k + 0 + 227*k. Let g be -1*(-3 + 1) - -2. What is j(g)?
-2
Let s(t) = t**3 - t**2 - 5*t - 3. Let h be s(-2). Let m(r) be the first derivative of -r**2 - 7*r - 1. Calculate m(h).
3
Let m(x) = x**2 - 7*x - 8. Let w be (-386)/(-10) - 24/(-60). Let n = -33 + w. Calculate m(n).
-14
Let x(b) = 2*b + 3. Let l be (-10)/2*162/(-45). Let j = l + -18. Let w be (-2 - (j - 1))*5. Give x(w).
-7
Suppose -32*d + 14 = -30*d. Let l = d + -9. Let q(x) = -4*x**2 - x. Determine q(l).
-14
Let z(m) = m**3 - 11*m**2 - 4. Let k be (-3)/(15/2) + 285/25. Let d be z(k). Let p(y) = 0 + 2 - 1 + y. Give p(d).
-3
Suppose 20 = -11*n - 13. Let i(d) = -d**3 + d**2 + 2*d + 3. Determine i(n).
33
Let u = -11 - -14. Let m(g) = -5 + u + 3 + g + 0. Calculate m(-8).
-7
Let r(s) = s**2 - 8*s + 5. Suppose -8*w + 335 = 271. What is r(w)?
5
Let r(b) be the second derivative of b**4/12 - 11*b**3/6 + 15*b**2/2 + b. Suppose -31*f + 300 = -f. Let h be r(f). Let m(t) = -t - 1. Determine m(h).
-6
Let a(q) be the third derivative of -q**5/60 - q**4/8 - 48*q**2. Determine a(3).
-18
Let y be 4*(315/(-36) + 7). Let t(b) = -b**2 - 5*b + 17. Determine t(y).
3
Let l(k) = -5*k + 2. Let q be (3/(-2))/(24/32). Let g(s) = 1 + 2*s**3 + s**3 - 11*s - 2*s**3 + 2*s**2 + 10*s. Let o be g(q). Determine l(o).
-13
Suppose 41 + 4 = 5*n. Let j(g) = n + 8 - 8 + 2*g. Calculate j(-6).
-3
Let t(c) = -c - 12. Let x be t(-14). Let d(q) = x + 35*q**3 - q**2 - 18*q**3 - 16*q**3. Calculate d(2).
6
Let n(a) = a**2 + 10*a + 13. Suppose 9*m + 22 + 59 = 0. What is n(m)?
4
Let p(v) be the second derivative of 0 - 1/6*v**3 + 1/2*v**2 + 42*v. Suppose 0 = -4*k - k - 30. Calculate p(k).
7
Suppose 3*o - 5*n + 37 = 0, -3*n + 4*n = 5*o + 25. Let p(z) be the second derivative of -z**3/2 - 5*z**2/2 - 3*z. Determine p(o).
7
Let p(i) = 13*i**2. Let o = -63 + 65. Let v be 8/(-28) + (-5)/7 + o. Calculate p(v).
13
Let h(g) be the second derivative of g**3/2 + g**2 - 25*g. Suppose -2*i - 7*t = -3*t - 10, -i - t + 4 = 0. Determine h(i).
11
Let j(d) = 170*d + 98. Let h(l) = 73*l + 43. Let g(m) = -16*h(m) + 7*j(m). What is g(1)?
20
Let p(f) = f**3 + f**2 + f - 2. Let m(h) = 7*h**3 + 6*h**2 + h - 13. Let c(a) = -m(a) + 5*p(a). Let w = -28 - -26. What is c(w)?
7
Let l be ((-8)/6)/(-2) + (-228)/(-9). Let b(h) = -4*h**2 + 55 - 4*h - l - 26. Give b(2).
-21
Let w(f) = 6*f**2 - 3 - 9*f - 4*f**2 + f**3 - f**2 + 6*f**2. Give w(-8).
5
Let a(i) = -4*i**2 - 9 - 8 + 5*i**2 - 43*i + 41*i. Determine a(5).
-2
Let j(l) = 2*l + 34. Let b be j(-10). Let f(p) = -p + 15. Give f(b).
1
Let d(v) = -9*v - 83. Let r be d(-8). Let w(i) = i**3 + 12*i**2 + 12*i + 6. What is w(r)?
-5
Let p(s) = -s**3 - 7*s**2 + 7*s + 8. Let o(f) = -8*f + 7. Let w(v) = -v**2 + 9*v - 6. Let g(z) = 2*o(z) + 3*w(z). Let r be g(4). Determine p(r).
16
Let f = 38 + -85. Let l = f - -44. Let t(i) = i**3 + i**2 - 3*i - 4. Determine t(l).
-13
Let i(n) = -10*n + 4. Let h(t) = -21*t + 6. Let r(a) = 4*h(a) - 9*i(a). Let m(u) = 5*u - 11. Let q(o) = 3*m(o) - 2*r(o). What is q(6)?
9
Let x(l) = 3*l**2 + 17*l + 3. Let r(b) = -b**2 - 6*b - 1. Let g = -25 + 31. Let j(k) = g*x(k) + 17*r(k). Determine j(-3).
10
Let z(n) = -n**3 + 4*n**2 + 6*n - 3. Let m be z(5). Let r be (-4)/(2*(-1)/m). Let f(w) be the second derivative of w**3/3 - 3*w**2/2 + 35*w - 2. Determine f(r).
5
Suppose 5*y = -3 + 18. Suppose -y*k - g + 7 = -7*k, 5*k = -2*g - 12. Let l(b) = -b**3 - b**2 + 3*b + 3. Let z be l(k). Let u(p) = -p. Calculate u(z).
-1
Let c = -2209 + 2210. Let g(w) be the second derivative of 0 - 2/5*w**5 - 1/12*w**4 + 2*w + 1/6*w**3 + 0*w**2. What is g(c)?
-8
Let w be (-24)/30*25/2. Let h be (-11)/(-3) + w/15. Suppose -h*p - 30 = -9*p. Let n(o) = o**3 - 6*o**2 + 4*o - 2. Determine n(p).
-7
Let u(q) be the third derivative of q**4/24 + q**3 - 16*q**2 - q. Calculate u(0).
6
Let a be (-14)/(-3) - 20/(-15). Let h(l) = l**3 - 2 + 114*l - a*l**2 - 114*l. Give h(6).
-2
Suppose -23*n = -15*n. Suppose n = -2*c - 10*c + 72. Let i(k) = k**3 - 7*k**2 + 6*k + 6. Give i(c).
6
Let c = 65 - 73. Let k(u) = u**2 + 7*u + 1. Determine k(c).
9
Let n(c) = 20 + 6 - 12 - 2 + c**2 - 12*c. Determine n(9).
-15
Let v(s) = s**2 - 2*s + 8. Let k = 332 - 332. What is v(k)?
8
Let l(n) = -n**2 - n + 1. Let f(u) = -u - 14. Let t be f(-13). Let b(r) = 6*r**3 + 3*r**2 - 1. Let q be b(t). What is l(q)?
-11
Let n(r) = -r**3 - 4*r**2 + 4*r - 1. Suppose 0*z = -15*z - 75. Calculate n(z).
4
Let a(g) = -g**2 - 3. Suppose 7*z - 21 - 7 = 0. Give a(z).
-19
Let l(g) = -2*g + 17*g**2 + 0 + g - 1. Let m = -26 - -59. Let u be (-2)/(-11) + (-39)/m. Determine l(u).
17
Let d(b) = 3*b**3 + 7*b**2 + 2*b. Suppose 0 = -76*i + 81*i + 55. Let f(w) = 16*w**3 + 36*w**2 + 9*w - 1. Let x(t) = i*d(t) + 2*f(t). What is x(-4)?
-2
Let t(y) = y. Let f(a) = a**3 - 7*a**2 - 16*a - 12. Let g be f(9). Let k(q) = -16*q + 3. Let z(m) = g*t(m) + k(m). Calculate z(2).
-17
Let c(z) = -6*z + 25. Let p(f) = -f + 5. Let s(r) = 2*c(r) - 11*p(r). Suppose 4*x + 48 = 4*l, 5*x + 2*l - 5 + 37 = 0. Determine s(x).
3
Suppose -p - 47 = -5*k, -4*k - k - p = -43. Let v(f) = 3 - f + f**2 - k - 2*f. What is v(5)?
4
Suppose -t = -2*w - 10, 3*t - 8*t = -3*w - 22. Let q(c) = c**3 - c**2 - 21*c + 2. Give q(w).
6
Let k(n) = 8 + 8*n - 216*n**2 - n**3 + 13*n**2 + 211*n**2. What is k(9)?
-1
Let a(s) = s**3 + 2*s**2 - s - 2. Let q be (63/(-35))/((-9)/30). Let w(g) = g - 3. Let z be w(7). Let r = q - z. Give a(r).
12
Let o(f) = -4*f + 7. Let p(r) = r. Let d(s) = -o(s) - 3*p(s). Calculate d(0).
-7
Let a(s) = -4*s**3 + s**2 + s - 1. Let h = 310 + -309. Calculate a(h).
-3
Let v(c) = c + 22. Let i = 549 + -556. Calculate v(i).
15
Let j(a) = a**2 - a - 3. Suppose 7*q = 4*q + 9. Let h be j(q). Let f(z) be the second derivative of -z**3/3 - 3*z**2/2 - 330*z. Give f(h).
-9
Let m(w) = 4*w**3 + 7*w**2 + 22*w + 12. Let n(f) = -7*f**3 - 15*f**2 - 40*f - 23. Let z(j) = 5*m(j) + 3*n(j). What is z(-9)?
0
Let t(h) = h**2 - 1. Let m(g) = g**3 + 4*g**2 + 19. Let d(i) = m(i) - 3*t(i). Suppose o + 1 = -4*a, 1 = 5*a - 3*o + 2*o. Calculate d(a).
22
Suppose -1226*a + 1233*a - 84 = 0. Let r(d) = d - 13. What is r(a)?
-1
Suppose 2*w = 4, -5*o + 2*w = -2*w + 8. Let q(m) = 3*m - 4*m + o*m + 7 + 0*m. Suppose -3 + 15 = 3*p - 3*t, 0 = 3*p + t - 8. Give q(p).
4
Let x(l) = l - 2. Let s be 2/((-1)/(-1)) - 12. Let v = s - -12. Suppose -v*q = 2*f + 2*q, 3*q + 3 = -f. Give x(f).
4
Let c(x) be the third derivative of -x**7/5040 + x**6/720 + 19*x**5/60 + 7*x**2. Let z(y) be the third derivative of c(y). What is z(7)?
-6
Let o(a) = a**3 - 4*a**2 + 4*a + 1. Let m = 142 + -96. Let s = m - 43. Determine o(s).
4
Let v(g) = -3*g + 1. Suppose -5*k = -k - 8. Suppose -4*a - k + 26 = 0. Let h be 8/a + (-10)/(-15). What is v(h)?
-5
Suppose 10 = 2*f + 5*b + 5, -5*f = 4*b - 4. Let l(v) = v**3 + v**2 + 2. Determine l(f).
2
Let t = 35 - 59. Let d be t/(-60) + 34/(-10). Let k(l) = -2*l - 2. Give k(d).
4
Let f(d) = d**3 - 3*d**2 + 2*d + 4. Let u be f(3). Let q(x) = x**3 - 10*x**2 + 2*x - 15. Give q(u).
5
Let r(k) = -2*k**2 - 23*k - 36. Let a be r(-10). Let c(l) = -l**2 - 7*l + 4. Give c(a).
10
Let k(j) = 5*j**2 + 10*j + 3. Let l be ((-4)/(-6))/(18/(-135)). Let f = l - -9. Let v(y) = 11*y**2 + 21*y + 7. Let x(s) = f*v(s) - 9*k(s). What is x(-6)?
1
Let b(u) = -u + 7. Let l(d) = -d**2 + 13*d + 16. Let o be l(15). Suppose 80 = -f + 5*f. Let p = f + o. Determine b(p).
1
Let l = -121 - -124. Let x(v) be the third derivative of 1/60*v**5 + 1/12*v**4 + 0 - l*v**2 + 0*v - 1/6*v**3. What is x(2)?
7
Let m(v) = v**2 + 7*v + 19. Let z(g) = g + 1. Let d(w) = -m(w) + 6*z(w). Give d(0).
-13
Let t(h) = 48*h**2 + 3*h**2 - 50*h**2 - 6 + 1 - 26*h. What is t(26)?
-5
Let c(d) = d**3 + 7*d**2 - 4*d + 5. Suppose 3*o - 5*o = 2, 0 = -2*w - 5*o - 19. Give c(w).
33
Let s(g) = -g**2 + 9*g - 3. Let t = 259 + -251. Give s(t).
5
Let z(c) = -2*c. Let u be z(-2). Suppose -2*n + u = -0*n - o, -3*o - 12 = -2*n. Let t(r) = -r**2 + r + 6. What is t(n)?
6
Let u(j) = -29*j - 76. Let g(v) = -6*v - 16. Let h(s) = 14*g(s) - 3*u(s). Let f(x) = 1. Let y(t) = t. Let o(a) = 2*f(a) - y(a). Let d be o(5). What is h(d)?
-5
Let d(s) = s**3 + 6*s**2 - s - 3. Let l(w) be the second derivative of w**3/2 + 6*w**2 + 15*w. Let f be l(-6). What is d(f)?
3
Let c(b) be the first 